digit of 48951?
5
What is the thousands digit of 9436?
9
What is the thousands digit of 2914?
2
What is the hundreds digit of 5042?
0
What is the units digit of 36701?
1
What is the hundred thousands digit of 158775?
1
What is the ten thousands digit of 44798?
4
What is the units digit of 4144?
4
What is the tens digit of 11181?
8
What is the ten thousands digit of 10251?
1
What is the units digit of 774?
4
What is the units digit of 680?
0
What is the units digit of 6906?
6
What is the hundreds digit of 346?
3
What is the tens digit of 731?
3
What is the tens digit of 2024?
2
What is the thousands digit of 2599?
2
What is the hundreds digit of 6281?
2
What is the hundreds digit of 3491?
4
What is the units digit of 4648?
8
What is the units digit of 13749?
9
What is the units digit of 15838?
8
What is the hundreds digit of 29408?
4
What is the hundreds digit of 148209?
2
What is the units digit of 799?
9
What is the ten thousands digit of 45849?
4
What is the tens digit of 2661?
6
What is the thousands digit of 5755?
5
What is the hundreds digit of 82221?
2
What is the units digit of 507?
7
What is the hundreds digit of 3760?
7
What is the tens digit of 61814?
1
What is the units digit of 18596?
6
What is the hundreds digit of 75141?
1
What is the tens digit of 52543?
4
What is the tens digit of 1464?
6
What is the thousands digit of 15079?
5
What is the ten thousands digit of 48416?
4
What is the tens digit of 10703?
0
What is the thousands digit of 1267?
1
What is the thousands digit of 3448?
3
What is the ten thousands digit of 73212?
7
What is the hundreds digit of 985?
9
What is the tens digit of 38453?
5
What is the thousands digit of 1865?
1
What is the hundreds digit of 2007?
0
What is the hundreds digit of 31925?
9
What is the tens digit of 6888?
8
What is the hundreds digit of 979?
9
What is the ten thousands digit of 43391?
4
What is the thousands digit of 90923?
0
What is the hundreds digit of 120632?
6
What is the ten thousands digit of 104196?
0
What is the units digit of 478?
8
What is the units digit of 73632?
2
What is the units digit of 1539?
9
What is the units digit of 11211?
1
What is the tens digit of 4234?
3
What is the hundreds digit of 4932?
9
What is the tens digit of 78295?
9
What is the thousands digit of 55667?
5
What is the hundreds digit of 17219?
2
What is the units digit of 62730?
0
What is the tens digit of 5615?
1
What is the thousands digit of 7118?
7
What is the ten thousands digit of 22954?
2
What is the tens digit of 2062?
6
What is the units digit of 19979?
9
What is the units digit of 6648?
8
What is the hundreds digit of 1068?
0
What is the units digit of 38427?
7
What is the units digit of 915?
5
What is the thousands digit of 7399?
7
What is the ten thousands digit of 60872?
6
What is the units digit of 4730?
0
What is the units digit of 1989?
9
What is the units digit of 2909?
9
What is the ten thousands digit of 17487?
1
What is the units digit of 8899?
9
What is the tens digit of 61?
6
What is the tens digit of 1067?
6
What is the thousands digit of 3143?
3
What is the units digit of 37165?
5
What is the hundreds digit of 2555?
5
What is the tens digit of 15444?
4
What is the units digit of 19802?
2
What is the tens digit of 31802?
0
What is the units digit of 564?
4
What is the tens digit of 1055?
5
What is the hundreds digit of 725?
7
What is the thousands digit of 3602?
3
What is the hundreds digit of 4192?
1
What is the thousands digit of 1951?
1
What is the units digit of 676?
6
What is the units digit of 103588?
8
What is the units digit of 1005?
5
What is the units digit of 1661?
1
What is the hundreds digit of 1465?
4
What is the units digit of 3626?
6
What is the ten thousands digit of 178936?
7
What is the hundreds digit of 33654?
6
What is the thousands digit of 1476?
1
What is the ten thousands digit of 70281?
7
What is the thousands digit of 88261?
8
What is the hundreds digit of 280?
2
What is the tens digit of 81540?
4
What is the hundreds digit of 762?
7
What is the units digit of 35379?
9
What is the tens digit of 1096?
9
What is the hundreds digit of 17631?
6
What is the tens digit of 276?
7
What is the tens digit of 13319?
1
What is the tens digit of 8622?
2
What is the hundreds digit of 5680?
6
What is the units digit of 81364?
4
What is the units digit of 117037?
7
What is the tens digit of 488?
8
What is the units digit of 2043?
3
What is the hundreds digit of 173662?
6
What is the tens digit of 32918?
1
What is the tens digit of 610?
1
What is the units digit of 30735?
5
What is the ten thousands digit of 169039?
6
What is the units digit of 62905?
5
What is the tens digit of 4137?
3
What is the tens digit of 2267?
6
What is the thousands digit of 1199?
1
What is the tens digit of 1122?
2
What is the tens digit of 816?
1
What is the units digit of 19294?
4
What is the thousands digit of 4425?
4
What is the tens digit of 23650?
5
What is the hundreds digit of 658?
6
What is the hundreds digit of 1131?
1
What is the thousands digit of 10034?
0
What is the units digit of 22932?
2
What is the tens digit of 18247?
4
What is the hundreds digit of 542?
5
What is the hundreds digit of 3053?
0
What is the units digit of 81779?
9
What is the thousands digit of 53406?
3
What is the thousands digit of 13690?
3
What is the units digit of 19842?
2
What is the thousands digit of 4493?
4
What is the hundreds digit of 418?
4
What is the hundreds digit of 5199?
1
What is the thousands digit of 86767?
6
What is the hundreds digit of 220?
2
What is the hundreds digit of 6384?
3
What is the ten thousands digit of 13997?
1
What is the tens digit of 104908?
0
What is the units digit of 72?
2
What is the units digit of 1226?
6
What is the units digit of 2188?
8
What is the hundreds digit of 5139?
1
What is the tens digit of 19389?
8
What is the hundreds digit of 545?
5
What is the ten thousands digit of 25497?
2
What is the hundreds digit of 3435?
4
What is the ten thousands digit of 13721?
1
What is the ten thousands digit of 38314?
3
What is the ten thousands digit of 12665?
1
What is the units digit of 3573?
3
What is the hundreds digit of 6816?
8
What is the units digit of 77792?
2
What is the units digit of 62251?
1
What is the hundreds digit of 7462?
4
What is the units digit of 1470?
0
What is the ten thousands digit of 38128?
3
What is the hundreds digit of 3575?
5
What is the tens digit of 7785?
8
What is the tens digit of 4825?
2
What is the units digit of 4876?
6
What is the thousands digit of 2742?
2
What is the units digit of 2370?
0
What is the ten thousands digit of 10955?
1
What is the thousands digit of 3918?
3
What is the thousands digit of 11401?
1
What is the tens digit of 2247?
4
What is the thousands digit of 3865?
3
What is the thousands digit of 15236?
5
What is the tens digit of 2939?
3
What is the hundreds digit of 5934?
9
What is the thousands digit of 1502?
1
What is the units digit of 3972?
2
What is the units digit of 15061?
1
What is the hundreds digit of 677?
6
What is the hundreds digit of 2142?
1
What is the hundreds digit of 11924?
9
What is the units digit of 1579?
9
What is the tens digit of 67914?
1
What is the tens digit of 6503?
0
What is the thousands digit of 3635?
3
What is the units digit of 6585?
5
What is the thousands digit of 9696?
9
What is the tens digit of 113734?
3
What is the tens digit of 1998?
9
What is the hundreds digit of 348?
3
What is the ten thousands digit of 67449?
6
What is the hundreds digit of 117?
1
What is the hundreds digit of 2256?
2
What is the units digit of 2552?
2
What is the units digit of 2095?
5
What is the tens digit of 109498?
9
What is the units digit of 14064?
4
What is the tens digit of 91?
9
What is the hundreds digit of 81663?
6
What is the units digit of 3324?
4
What is the hundreds digit of 419?
4
What is the tens digit of 7072?
7
What is the hundreds digit of 4872?
8
What is the units digit of 1033?
3
What is the tens digit of 10809?
0
What is the hundreds digit of 85531?
5
What is the hundreds digit of 5626?
6
What is the tens digit of 39?
3
What is the tens digit of 4447?
4
What is the tens digit of 12493?
9
What is the tens digit of 9153?
5
What is the tens digit of 14942?
4
What is the units digit of 27